18*w - 29. Is b(7) a prime number?
False
Is (-2 + 1)*(-17 + -1830) a prime number?
True
Suppose 0 = -5*j + 1372 - 6297. Let f = -606 - j. Is f a prime number?
True
Let a(t) = -t + 2. Let n be a(0). Suppose 1070 = n*k + 4*i, 3*i - 909 - 684 = -3*k. Is k prime?
False
Let y(r) be the second derivative of -52*r**3/3 + 3*r**2/2 + 4*r. Is y(-4) a prime number?
True
Suppose -2*f + 7*f = 5*q + 7555, q = 0. Is f composite?
False
Suppose -3*i + 8*i = 0. Suppose 2*h + 14 = 4*m, h = -3*m + 2*h + 10. Suppose i = -2*v + m*v - 83. Is v a prime number?
True
Let l = -19909 + 47898. Is l composite?
True
Let o be ((-8)/14)/(8/(-28)). Suppose o*n = -c - 21 + 5, c - 5*n - 5 = 0. Let m(b) = -2*b - 1. Is m(c) composite?
False
Let l(p) = 3*p**3 - 27*p**2 + 4*p + 51. Is l(26) composite?
False
Let s = -13687 + 23363. Suppose -2*m + s = h + 3*h, 0 = h + 5*m - 2419. Suppose -5*n + h = -1966. Is n composite?
False
Let v(l) = 18*l**2 + 8*l - 12. Let q be v(5). Let p = -267 + q. Is p a composite number?
False
Let u(d) = -37*d + 15. Let b be (1*-1)/((-17)/(-34)). Is u(b) composite?
False
Is (3866 + -8 + 5)*1 prime?
True
Is (-29087)/(-10) - ((-1491)/70 + 21) composite?
False
Suppose -4*t + 11 = -3*a, 0 = 3*t - 5*a + 12 - 34. Let n(i) = -1030*i + 1. Is n(t) a composite number?
False
Suppose -34206 = 192*d - 198*d. Is d prime?
True
Let n = 21380 + -12919. Is n a prime number?
True
Suppose t - 4 = 5*t. Let w be (-6 + 2 - -4)/t. Suppose -2*r + 221 - 27 = w. Is r a prime number?
True
Let h(r) = -r**2 + 5*r + 13. Let l be h(7). Is (-31)/l*(3 - 2) prime?
True
Let n be 1 + 7549/3 - (-14)/21. Let s = n - -249. Is s prime?
True
Let z(r) = -2*r + 23. Let w be z(10). Suppose -w*a - a = -1092. Suppose -2*n - 79 = -a. Is n composite?
False
Let n(z) = 4*z**2 - z + 6. Let g be n(-14). Let f = g + -1412. Let b = f - -915. Is b a composite number?
False
Suppose -2*m + 1 = 5. Is 140/4*1 + m prime?
False
Let l(g) = 62*g**2 - 5*g - 40. Is l(-5) composite?
True
Is 780522/(-24)*-1*4 prime?
True
Let d(i) = 97*i**3 + i**2 + 12*i - 1. Is d(4) prime?
True
Suppose 26*m - 8870 = 16*m. Is m a prime number?
True
Suppose 6 = -w + 4. Let y be w + 1696/(-2 + -2). Let k = y + 617. Is k composite?
False
Is 397*97 - (61 + -50) a prime number?
False
Let t(y) = 149*y**2 + 32*y - 470. Is t(14) prime?
False
Suppose 2*r - 5 = 7. Let b be 4/r + (-6)/9. Suppose 3*t = -2*f + 233, b = 5*f - 3 + 13. Is t composite?
False
Let f(s) = 364*s**2 - 45*s + 319. Is f(8) a composite number?
True
Let l(s) = 608*s**2 - 2*s + 23. Is l(9) a prime number?
True
Let g(c) = 50*c**3 + 4*c**2 + c + 1. Let n = -4 + 1. Let u be g(n). Is u/(-6) - 5/15 a prime number?
False
Let h = 1549 - -4404. Is h a composite number?
False
Let v(x) = -x**2 + 4*x + 5. Let k = 31 + -27. Let i be v(k). Is 188 + (-5)/(i/(-3)) composite?
False
Let n = -3455 + 9019. Suppose -8*a + n = -4*a. Is a composite?
True
Suppose -g + 5*q + 180 = -3*g, -4*q - 96 = g. Let p = 376 + g. Let z = p + -97. Is z prime?
True
Suppose -r - 4*r + 5 = 0. Let y be (r/1 + -3)*-3. Suppose -y*l = -2*l + 2*x - 310, 2*l = 2*x + 152. Is l prime?
False
Let y be (-8)/28 + 34/(-14)*-10. Let u be 5/(-5)*(-14)/(-2). Let b = y - u. Is b a prime number?
True
Suppose 2*i = -4*c - 14, -8*i - 5*c = -9*i + 28. Suppose -3*q + 7*q + 2685 = 5*j, -i*q + 1638 = 3*j. Is j prime?
True
Suppose -9*v - 84 = 5*v. Let d(o) = 20*o**2 - 3*o + 7. Is d(v) composite?
True
Suppose -50*c + 51*c = -3*j + 380770, 0 = -j - 3*c + 126926. Is j composite?
False
Let d be ((-2)/(-6))/((-13)/(-78)). Suppose 2*w + 0*q - 2168 = d*q, 5*q + 1104 = w. Is w prime?
False
Let y = -2 + 4. Let s(p) = -4*p - 2 - 2*p**3 + 4*p**3 - 3*p**y + 2*p. Is s(3) a composite number?
False
Let a = 73 + -43. Is (44 - 2)*10/a prime?
False
Let i(r) = 26*r**3 + r**2 + 1. Let b be ((-4)/(-6))/(2/9). Suppose -1 = -b*f + 5. Is i(f) prime?
False
Suppose -13*w + 168 = 8*w. Let l(g) = 2 - 1 + 2 + 46*g. Is l(w) composite?
True
Let w(j) = j**2 - 2*j + 1. Let n be w(2). Is (64 - 2)*n/2 a prime number?
True
Suppose -3*b = -12, 190*b - 185*b - 1634 = -3*s. Is s composite?
True
Let o(a) = -14*a**3 - 4*a**2 + 5*a + 6. Let x(f) = -55*f**3 - 17*f**2 + 21*f + 25. Let w(l) = -9*o(l) + 2*x(l). Is w(3) prime?
False
Suppose -4*c = 5*o - 7*c - 9, -o + 9 = -3*c. Suppose 4*w + 2*n - 3*n - 329 = o, 0 = -5*w - 5*n + 430. Is w a prime number?
True
Let o(u) be the first derivative of 6 - 12*u - 12*u + 26*u - 24*u**2. Is o(-4) a composite number?
True
Let h = 1370 - -6773. Is h a prime number?
False
Let d(t) = t**3 + t. Let a(r) = 2*r**3 - 11*r**2 + 3*r + 15. Let m(s) = a(s) - 3*d(s). Suppose 35 - 5 = -2*o + 4*q, -43 = 3*o - 5*q. Is m(o) prime?
False
Suppose 80455 = m + 4*h, -m + 27542 + 52895 = -5*h. Is m a composite number?
False
Suppose -2*w = -w + 4. Let v = -6 + w. Is ((-6)/v)/((-6)/(-1590)) a composite number?
True
Let u = 9194 - -2735. Is u a composite number?
True
Suppose -4*d + 5*p = -23, -5*p + 10 = 2*d - 9. Let o = 5 - d. Is -3 - (-1*42 - o) prime?
True
Let u be ((-30)/(-25))/(6/20). Suppose -3*k - 618 = -3*v - 6*k, u*v - 5*k - 869 = 0. Is v a composite number?
False
Let w be (-11)/(-4) - 10/(-40). Let b(g) = g**3 + 146. Let r be b(0). Suppose -w*k = -343 - r. Is k composite?
False
Let j(i) = 35*i**2 + 14*i - 12. Let u be j(10). Suppose -9*c + 5*c = -u. Is c a composite number?
False
Let a = -57 - -89. Suppose -31*m + a*m - 59 = 0. Is m a composite number?
False
Suppose 8*v = 68635 - 627. Is v a prime number?
True
Let y(x) = 38*x**2 + x - 2. Suppose 6 = -5*t - 3*c, c - 4*c + 12 = -t. Let l be 0 + -2 + 2 + t. Is y(l) a composite number?
False
Let j(g) be the third derivative of g**4/24 + 3*g**3 - 14*g**2. Is j(-8) prime?
False
Suppose 10481 = 13*j - 9981. Is j a prime number?
False
Let i = 36 + 802. Suppose 0 = -3*t + t + i. Is t composite?
False
Let i(c) = -c**3 + 5*c**2 + c. Let x be i(5). Suppose 4*m = -4*d + 604, -x*m = d + d - 308. Is d a composite number?
False
Let l(b) be the first derivative of 20*b**3/3 - 9*b**2/2 - 7*b - 4. Is l(-8) a composite number?
True
Suppose 2*a - 5*u - 9 = 0, -2 + 1 = -a - u. Is (-5 + -78 + 0)*(a - 7) prime?
False
Let q(v) = -240*v + 5. Is q(-7) a prime number?
False
Suppose 750251 + 96771 = 22*f. Is f a composite number?
False
Suppose 31*p - 32*p + 4609 = 0. Is p composite?
True
Suppose 4*d + 3*b = 507 + 345, 0 = -b. Let j = d + -4. Is j a prime number?
False
Let l be (-103526)/(-34) + (-22)/(-187). Is 4 - (l/(-10) - (-1)/(-2)) prime?
False
Let a be (24 - 1) + 3 + -1. Suppose -c = -a + 7. Is c/45 - (-953)/5 composite?
False
Let q(w) = 220*w**2 + 4*w + 5. Is q(-6) composite?
False
Let p be 1 + -1 + (4 - -2) + 67. Suppose 178 - p = 5*f. Is f a composite number?
True
Let q(u) = -11 + 2*u - 12 + 13. Let g be q(3). Is ((-2216)/10)/(g/10) composite?
True
Let s be 66/(-8) + 6/24. Is s/(-6)*5403/4 a prime number?
True
Let l be (-1 - (-118)/(-8))*-144. Suppose 4*i - l = -4*u, -i + 5*u - 1707 = -4*i. Let c = i + -361. Is c a prime number?
False
Suppose -3219 = 99*r - 102*r. Is r prime?
False
Let n(b) = 2*b**2 + 3840. Let m be n(0). Suppose -3*t + m = -3*l, t - 4*t + 5*l = -3834. Is t a composite number?
False
Let b(o) = o**3 + 5*o**2 - o + 5. Let a be b(-4). Suppose 74 + a = 3*p. Is p a prime number?
False
Let z(m) be the second derivative of m**5/30 - 3*m**4/8 + 5*m**3/6 - 6*m. Let l(u) be the second derivative of z(u). Is l(10) a composite number?
False
Suppose 0 = -4*x + 4*f - 40, 3*f - 2 = 2*x + 22. Let z be 5*(x + 3 - -4). Suppose -4*r - 2*o = -558, 5*r + z*o = 4*r + 117. Is r prime?
False
Let a(p) = 10*p**2 + 3*p - 33. Is a(-22) a prime number?
False
Suppose -5*n - 1950 = -8*n. Let q = n + 249. Is q a prime number?
False
Let q = -3739 - -6750. Is q composite?
False
Let r = 281 - 49. Suppose -d + r = -22. Is d prime?
False
Suppose 0 = -2*t - f + 3*f + 97692, 3*t + f = 146542. Is t a prime number?
True
Suppose -2*c = 4*a - 5*c - 2, 4*c = 8. Is (a - -2 - -251) + -4 a prime number?
True
Suppose 3*l - 1691 = 2*n - 6*n, -4*n + 1686 = 2*l. Is n prime?
True
Suppose -5523 = -3*o + 5*i, 0 = 2*o - 4*i - i - 3682. Let p = 3090 - o. Is p a composite number?
False
Let o = 1485 - 343. Is o prime?
False
Let u be (-6)/(-2)*(-20 - 147). Is 7/((-3 - 1) + (-2007)/u) composite?
True
Suppose 44*s - 39*s - 2*x - 102535 = 0, 4*x = 5*s - 102535. Is s composite?
Fal